on factor of 6 and g.
6
Let l(h) = -2*h**2 + 8*h + 5. Let j(f) = -f**2 + 4*f + 3. Let c(x) = -7*j(x) + 3*l(x). Let y be c(-6). Calculate the greatest common factor of 36 and y.
18
Let a be 4/(-24) - (-133)/6. What is the highest common factor of a and 33?
11
Suppose 1 = -h + 4. Suppose u = x - 2 - 5, -5*x = h*u - 59. Suppose -2*b - 20 = -4*b. Calculate the highest common divisor of b and x.
10
Let j be (-1 - -4) + -2 - -12. What is the greatest common factor of j and 39?
13
Let h(f) = -f**2 - 7*f - 5. Let l be h(-5). Suppose l*p - 4*k - 34 = 44, 0 = 3*p - 3*k - 48. Calculate the highest common factor of 14 and p.
14
Suppose -v + 455 = 6*v. Calculate the highest common factor of 5 and v.
5
Let a = -31 + 45. What is the greatest common factor of a and 98?
14
Let d be (2 - 2)/(0 - 2). Suppose 2*g - 91 - 173 = d. What is the greatest common divisor of g and 12?
12
Suppose 9 = 3*g - 9. Let c be 189/g + (-1)/(-2). Let f be ((-40)/c)/((-1)/12). What is the greatest common factor of f and 45?
15
Suppose -2*c + r = -218, 0*c = -4*c - 2*r + 444. Let f be (-131)/(-3) - (-3)/9. Calculate the greatest common divisor of c and f.
22
Let o be 15*((-1)/(-1))/3. Suppose o + 127 = 2*t. Suppose 5*s - 54 - t = 0. What is the highest common factor of s and 6?
6
Suppose 3*j = 5*j - 2*c - 22, -5*j = -4*c - 58. What is the greatest common factor of j and 126?
14
Suppose 5 = 5*q + 5*r, q + 3*r + 0 = -1. Suppose -5*t + 30 = -10. Let o = t + 0. What is the greatest common factor of o and q?
2
Let v(q) = q + 2. Let m = 13 - 8. Let f be v(m). Let k(t) = 19*t - 3. Let y be k(f). What is the highest common factor of 13 and y?
13
Let u = 65 + -35. Let y be (-2)/(-4) + u/4. What is the greatest common divisor of y and 16?
8
Let n be 8/(-36) - 434/(-9). Let d(s) = -63*s**3 + s**2 - 1. Let l be d(-1). Let j = -31 + l. Calculate the highest common divisor of j and n.
16
Suppose -4*c = 4*j + 2056, 6 = -4*c + 14. Let s be j/(-42) + (-2)/7. Calculate the greatest common factor of s and 36.
12
Let w be ((-32)/(-56))/(4/14) + 11. Let l(t) = 17*t**2 + 3*t - 1. Let y be l(-3). What is the greatest common factor of y and w?
13
Let o be (2 - (-50)/13) + (-8)/(-52). Calculate the greatest common factor of 21 and o.
3
Let v(c) = 7*c**2 + 3*c. Let q be v(-4). Let s be 5/(-1 - (-9)/8). Calculate the greatest common divisor of q and s.
20
Let r = -259 + 406. Suppose u - r = z - 3*z, -3*z + 248 = -4*u. Calculate the greatest common factor of 19 and z.
19
Suppose 2*h - 21 = b, 3*h = -b + 3*b + 34. What is the greatest common divisor of 104 and h?
8
Suppose -37*z = -41*z + 16. What is the greatest common factor of z and 12?
4
Suppose 2*h + 7 = 3*q, 2*q - h = -2*q + 11. Suppose 2*s - q*g = s + 30, -g = 5. Calculate the highest common factor of s and 5.
5
Suppose 0 = -5*g - 15 - 15. Let y = g + 6. Suppose y = 4*m - 3*m - 12. What is the greatest common factor of 96 and m?
12
Suppose -2*a = -3*o - 1, -5*o + a + 11 = 4*a. Let g be 0 - -38 - (1 + o). Calculate the greatest common divisor of g and 12.
12
Let y(u) = u**3 - u**2 + u + 4. Let f be y(0). Suppose -2*o + 152 = f*d, 0 = -o - 4*d - 18 + 98. What is the highest common divisor of 9 and o?
9
Let i be (-4)/(-5) - (-1862)/10. What is the greatest common factor of 17 and i?
17
Let j = 4 - 4. Let z = j + 2. What is the greatest common factor of 2 and z?
2
Let a be 10 - (-5)/(-10)*8/(-4). Calculate the greatest common factor of a and 77.
11
Suppose -4*o = -2*o + s - 62, -4*o = 3*s - 122. Suppose k - 2 = 5*c - 0, 0 = k - 3*c. Let i = k + 19. What is the greatest common factor of i and o?
16
Let p = 108 + -62. Calculate the greatest common factor of 23 and p.
23
Let f(b) = 5*b**3 + b**2. Let x = 2 + -1. Let n be f(x). What is the greatest common factor of 18 and n?
6
Suppose n + 5*o - 8 - 4 = 0, -3*o + 38 = 2*n. What is the greatest common divisor of 2 and n?
2
Let b be ((-12)/9)/(8/(-12)). Calculate the greatest common divisor of 6 and b.
2
Let x(d) = d**3 + d**2 + 12. Let q be x(0). What is the greatest common divisor of 4 and q?
4
Let j be 1/((-4)/(-3) - 1). Suppose -4*o - 5*g = -47, -3*g + 5 = j*o - 34. What is the greatest common factor of o and 144?
18
Suppose d - 131 + 15 = 0. Suppose 86*h - 145 = 81*h. Calculate the highest common divisor of d and h.
29
Let h be ((-471)/(-18) - -3) + (-1)/6. What is the greatest common factor of h and 116?
29
Suppose 0*f = f + p - 16, -76 = -4*f - p. Calculate the highest common divisor of 10 and f.
10
Let n = -103 + 173. Suppose -16 = -2*i + 4. What is the greatest common factor of i and n?
10
Let a be (12/(-18))/(2/(-912)). What is the greatest common factor of 19 and a?
19
Let r be 14 - (-1 - -4)*-1. Calculate the highest common factor of 136 and r.
17
Suppose 0 = -6*k + 2*k - 12, 4*j + 4*k - 8 = 0. Suppose -h - 240 = -j*h. Suppose 4*f = -46 + 142. Calculate the highest common factor of h and f.
12
Let p = 31 - 16. What is the highest common divisor of p and 10?
5
Suppose 17*b - 630 = 11*b. What is the greatest common divisor of 5 and b?
5
Let v(u) = -u**3 + 8*u**2 - 5*u - 12. Let f be v(7). Calculate the greatest common divisor of 2 and f.
2
Suppose 0 = -l + 6*l + 10. Let b = l + 6. Suppose -30 - 6 = -b*h. Calculate the highest common factor of 18 and h.
9
Suppose 0 = -a + 3*a. Suppose a = -3*s - 5*n + 286 + 3, n + 4 = 0. Let y = s + -54. Calculate the highest common divisor of y and 7.
7
Suppose -y - 3*s = -53, -s = -4*y + 122 + 77. Suppose 0 = -2*l + l + y. Let h = 15 + -10. What is the greatest common factor of l and h?
5
Let r be (-51)/(-4) - 3/4. Let c = 12 + -10. Calculate the highest common divisor of c and r.
2
Suppose -6*t = -7*t + 111. Calculate the highest common divisor of 37 and t.
37
Let d = 26 - -11. Let w = d - 22. Let j be 54/w*(-10)/(-3). Calculate the highest common divisor of j and 3.
3
Let t be (30/12)/(1/2). Suppose -t*x - 3*b + 27 = -51, -5*x + 102 = -3*b. What is the greatest common divisor of x and 9?
9
Let u be (-1 + 114 + 1)/2. Let s = -4 + 23. Calculate the highest common factor of s and u.
19
Let j(f) = f**3 - f**2 + 4*f + 60. Let p be j(0). Calculate the highest common divisor of 24 and p.
12
Let f(o) = o**2 - 13*o + 8. Let u be f(14). Let j(s) = -s**2 + 2*s + 2. Let t be j(2). Calculate the highest common divisor of t and u.
2
Suppose 2*d - 33 = -d. Calculate the highest common factor of d and 88.
11
Let m = 4 + 2. Let x(l) = l - 4. Let h be x(m). What is the highest common factor of 10 and h?
2
Let c = 3 - 0. Suppose -a + c*s = a - 166, -2*a + 158 = s. Let o be (42 + -2)*(-4)/(-5). Calculate the greatest common divisor of o and a.
16
Suppose -5*m + 10 = -0*m. Suppose 4*p - 4*r - 44 = 0, 2*p - 3*r - 10 = m*r. Suppose -l + 30 = l. Calculate the highest common factor of p and l.
15
Suppose -u + 3*m = -0*m + 10, -40 = -5*u - 3*m. Suppose 0*x = -u*x + 200. Calculate the greatest common factor of x and 20.
20
Let c(w) = 254*w + 4. Let d be c(2). Suppose -2*v = 2*v - d. Calculate the greatest common divisor of v and 16.
16
Suppose -3*s = -5*f + 3 + 17, -3*s = 2*f + 13. Let c be 54*f - (1 - 1). Let u = 3 - -6. Calculate the highest common factor of u and c.
9
Let d(a) = 3*a**2 + a - 2. Let f be d(5). What is the greatest common factor of f and 117?
39
Let d = 67 - 47. Calculate the greatest common divisor of 10 and d.
10
Let k(t) = 4*t - 67. Let r be k(19). What is the highest common divisor of r and 27?
9
Suppose -n = -5*y - 0*n + 36, -3*y = -5*n - 26. Let t(j) = -j**3 + 8*j**2 - 5*j - 3. Let f be t(y). What is the highest common factor of f and 121?
11
Let m = 16 - 11. Let q be m*(-1)/((-15)/72). Let i = 21 - 5. Calculate the greatest common divisor of i and q.
8
Let h(b) = b**3 - b**2 - b + 2. Let f be h(2). Suppose -f*c - 3 = -55. Let r be (-2 + 2 - -65)/1. What is the highest common factor of r and c?
13
Let o(k) = 16*k**2 - 8*k + 11. Let q be o(5). Calculate the greatest common divisor of q and 53.
53
Suppose 5*d = -3*o - 8 - 10, 5*d = 4*o - 46. Let c = d - -16. What is the greatest common divisor of c and 90?
10
Let m(f) = -f**2 - 8*f - 4. Let a be m(-6). Calculate the greatest common divisor of 40 and a.
8
Suppose -19 = 2*c + 5*v, c - v = -c + 11. What is the greatest common factor of 21 and c?
3
Suppose 0 = -a + 5 + 8. Suppose 0 = -w - 4*x + a, -2*x + 3 = 1. What is the 